{"id":15718,"date":"2025-06-04T21:49:11","date_gmt":"2025-06-04T21:49:11","guid":{"rendered":"http:\/\/casalanuez.com\/index.php\/home\/"},"modified":"2026-04-11T18:18:55","modified_gmt":"2026-04-11T17:18:55","slug":"bed-and-breakfast-andalusie","status":"publish","type":"page","link":"https:\/\/casalanuez.com\/","title":{"rendered":"Bienvenidos in Andalusi\u00eb, welkom bij Casa La Nuez!"},"content":{"rendered":"\n<figure class=\"wp-block-video\"><video height=\"1920\" style=\"aspect-ratio: 1080 \/ 1920;\" width=\"1080\" controls src=\"https:\/\/casalanuez.com\/wp-content\/uploads\/2026\/03\/Casa-La-Nuez-promo-video.mp4\"><\/video><\/figure>\n\n\n\n<p>Wil je <a href=\"https:\/\/casalanuez.com\/index.php\/leuk-dat-je-bij-ons-wil-verblijven\/\">reserveren <\/a>of meer informatie, stuur dan een e-mail naar <a href=\"mailto:info@casalanuez.com\">info@casalanuez.com<\/a> en we zullen zo snel mogelijk een reactie geven. Bellen kan natuurlijk ook, we zijn bereikbaar op: +34 722 182 936.<\/p>\n\n\n\n<figure class=\"wp-block-image aligncenter\"><img loading=\"lazy\" decoding=\"async\" width=\"1920\" height=\"2560\" src=\"https:\/\/casalanuez.com\/wp-content\/uploads\/2026\/02\/ligbedden-nieuw-16-1-scaled.jpg\" alt=\"\" class=\"wp-image-32193\" title=\"Bed and Breakfast Andalusi\u00eb. het verkoelende zwembad\" srcset=\"https:\/\/casalanuez.com\/wp-content\/uploads\/2026\/02\/ligbedden-nieuw-16-1-scaled.jpg 1920w, https:\/\/casalanuez.com\/wp-content\/uploads\/2026\/02\/ligbedden-nieuw-16-1-225x300.jpg 225w, https:\/\/casalanuez.com\/wp-content\/uploads\/2026\/02\/ligbedden-nieuw-16-1-1875x2500.jpg 1875w, https:\/\/casalanuez.com\/wp-content\/uploads\/2026\/02\/ligbedden-nieuw-16-1-768x1024.jpg 768w, https:\/\/casalanuez.com\/wp-content\/uploads\/2026\/02\/ligbedden-nieuw-16-1-1152x1536.jpg 1152w, https:\/\/casalanuez.com\/wp-content\/uploads\/2026\/02\/ligbedden-nieuw-16-1-1536x2048.jpg 1536w\" sizes=\"auto, (max-width: 1920px) 100vw, 1920px\" \/><\/figure>\n\n\n\n<figure class=\"wp-block-gallery has-nested-images columns-default is-cropped wp-block-gallery-1 is-layout-flex wp-block-gallery-is-layout-flex\">\n<figure class=\"wp-block-image size-large\"><img loading=\"lazy\" decoding=\"async\" width=\"1600\" height=\"1200\" data-id=\"24518\" src=\"https:\/\/casalanuez.com\/wp-content\/uploads\/2025\/09\/Voorkant.jpg\" alt=\"\" class=\"wp-image-24518\" title=\"Bed and Breakfast Andalusi\u00eb, entree\" srcset=\"https:\/\/casalanuez.com\/wp-content\/uploads\/2025\/09\/Voorkant.jpg 1600w, https:\/\/casalanuez.com\/wp-content\/uploads\/2025\/09\/Voorkant-300x225.jpg 300w, https:\/\/casalanuez.com\/wp-content\/uploads\/2025\/09\/Voorkant-768x576.jpg 768w, https:\/\/casalanuez.com\/wp-content\/uploads\/2025\/09\/Voorkant-1536x1152.jpg 1536w, https:\/\/casalanuez.com\/wp-content\/uploads\/2025\/09\/Voorkant-135x100.jpg 135w\" sizes=\"auto, (max-width: 1600px) 100vw, 1600px\" \/><\/figure>\n\n\n\n<figure class=\"wp-block-image size-large\"><img loading=\"lazy\" decoding=\"async\" width=\"960\" height=\"1280\" data-id=\"24517\" src=\"https:\/\/casalanuez.com\/wp-content\/uploads\/2025\/09\/voorkant-3.jpg\" alt=\"\" class=\"wp-image-24517\" title=\"Bienvenidos in Andalusi\u00eb, welkom bij Casa La Nuez\" srcset=\"https:\/\/casalanuez.com\/wp-content\/uploads\/2025\/09\/voorkant-3.jpg 960w, https:\/\/casalanuez.com\/wp-content\/uploads\/2025\/09\/voorkant-3-225x300.jpg 225w, https:\/\/casalanuez.com\/wp-content\/uploads\/2025\/09\/voorkant-3-768x1024.jpg 768w\" sizes=\"auto, (max-width: 960px) 100vw, 960px\" \/><\/figure>\n<\/figure>\n\n\n<div data-src=\"https:\/\/cdn.trustindex.io\/loader.js?8078727489e603720446b19044a\"><\/div>&#8220;]\n\n\n<p><\/p>\n","protected":false},"excerpt":{"rendered":"<p>Wil je reserveren of meer informatie, stuur dan een e-mail naar info@casalanuez.com en we zullen zo snel mogelijk een reactie geven. Bellen kan natuurlijk ook, we zijn bereikbaar op: +34 722 182 936.<\/p>\n","protected":false},"author":1,"featured_media":0,"parent":0,"menu_order":0,"comment_status":"closed","ping_status":"closed","template":"","meta":{"footnotes":""},"class_list":["post-15718","page","type-page","status-publish","hentry"],"yoast_head":"<!-- This site is optimized with the Yoast SEO plugin v27.1.1 - https:\/\/yoast.com\/product\/yoast-seo-wordpress\/ -->\n<title>\u201d - Bed and Breakfast Andalusi\u00eb Bienvenidos in Andalusi\u00eb<\/title>\n<meta name=\"description\" content=\"Bienvenidos in Andalusi\u00eb, welkom bij Casa La Nuez. B&amp;B Andalusi\u00eb, B&amp;B met zwembad Andalusi\u00eb, kleinschalige B&amp;B, Bed and Breakfast Andalusi\u00eb\" \/>\n<meta name=\"robots\" content=\"index, follow, max-snippet:-1, max-image-preview:large, max-video-preview:-1\" \/>\n<link rel=\"canonical\" href=\"https:\/\/casalanuez.com\/\" \/>\n<meta property=\"og:locale\" content=\"nl_NL\" \/>\n<meta property=\"og:type\" content=\"article\" \/>\n<meta property=\"og:title\" content=\"\u201d - Bed and Breakfast Andalusi\u00eb Bienvenidos in Andalusi\u00eb\" \/>\n<meta property=\"og:description\" content=\"Bienvenidos in Andalusi\u00eb, welkom bij Casa La Nuez. B&amp;B Andalusi\u00eb, B&amp;B met zwembad Andalusi\u00eb, kleinschalige B&amp;B, Bed and Breakfast Andalusi\u00eb\" \/>\n<meta property=\"og:url\" content=\"https:\/\/casalanuez.com\/\" \/>\n<meta property=\"article:publisher\" content=\"https:\/\/www.facebook.com\/casalanuez\/\" \/>\n<meta property=\"article:modified_time\" content=\"2026-04-11T17:18:55+00:00\" \/>\n<meta property=\"og:image\" content=\"https:\/\/casalanuez.com\/wp-content\/uploads\/2026\/02\/ligbedden-nieuw-16-1-scaled.jpg\" \/>\n\t<meta property=\"og:image:width\" content=\"1920\" \/>\n\t<meta property=\"og:image:height\" content=\"2560\" \/>\n\t<meta property=\"og:image:type\" content=\"image\/jpeg\" \/>\n<meta name=\"twitter:card\" content=\"summary_large_image\" \/>\n<meta name=\"twitter:label1\" content=\"Geschatte leestijd\" \/>\n\t<meta name=\"twitter:data1\" content=\"1 minuut\" \/>\n<script type=\"application\/ld+json\" class=\"yoast-schema-graph\">{\"@context\":\"https:\/\/schema.org\",\"@graph\":[{\"@type\":\"WebPage\",\"@id\":\"https:\/\/casalanuez.com\/\",\"url\":\"https:\/\/casalanuez.com\/\",\"name\":\"\u201d - Bed and Breakfast Andalusi\u00eb Bienvenidos in Andalusi\u00eb\",\"isPartOf\":{\"@id\":\"https:\/\/casalanuez.com\/#website\"},\"primaryImageOfPage\":{\"@id\":\"https:\/\/casalanuez.com\/#primaryimage\"},\"image\":{\"@id\":\"https:\/\/casalanuez.com\/#primaryimage\"},\"thumbnailUrl\":\"https:\/\/casalanuez.com\/wp-content\/uploads\/2026\/02\/ligbedden-nieuw-16-1-scaled.jpg\",\"datePublished\":\"2025-06-04T21:49:11+00:00\",\"dateModified\":\"2026-04-11T17:18:55+00:00\",\"description\":\"Bienvenidos in Andalusi\u00eb, welkom bij Casa La Nuez. B&B Andalusi\u00eb, B&B met zwembad Andalusi\u00eb, kleinschalige B&B, Bed and Breakfast Andalusi\u00eb\",\"breadcrumb\":{\"@id\":\"https:\/\/casalanuez.com\/#breadcrumb\"},\"inLanguage\":\"nl-NL\",\"potentialAction\":[{\"@type\":\"ReadAction\",\"target\":[\"https:\/\/casalanuez.com\/\"]}]},{\"@type\":\"ImageObject\",\"inLanguage\":\"nl-NL\",\"@id\":\"https:\/\/casalanuez.com\/#primaryimage\",\"url\":\"https:\/\/casalanuez.com\/wp-content\/uploads\/2026\/02\/ligbedden-nieuw-16-1-scaled.jpg\",\"contentUrl\":\"https:\/\/casalanuez.com\/wp-content\/uploads\/2026\/02\/ligbedden-nieuw-16-1-scaled.jpg\",\"width\":1920,\"height\":2560},{\"@type\":\"BreadcrumbList\",\"@id\":\"https:\/\/casalanuez.com\/#breadcrumb\",\"itemListElement\":[{\"@type\":\"ListItem\",\"position\":1,\"name\":\"Home\",\"item\":\"https:\/\/casalanuez.com\/\"},{\"@type\":\"ListItem\",\"position\":2,\"name\":\"Bienvenidos in Andalusi\u00eb, welkom bij Casa La Nuez!\"}]},{\"@type\":\"WebSite\",\"@id\":\"https:\/\/casalanuez.com\/#website\",\"url\":\"https:\/\/casalanuez.com\/\",\"name\":\"casalanuez.com\",\"description\":\"Bed &amp; Breakfast in het hart van Andalusi\u00eb\",\"publisher\":{\"@id\":\"https:\/\/casalanuez.com\/#organization\"},\"potentialAction\":[{\"@type\":\"SearchAction\",\"target\":{\"@type\":\"EntryPoint\",\"urlTemplate\":\"https:\/\/casalanuez.com\/?s={search_term_string}\"},\"query-input\":{\"@type\":\"PropertyValueSpecification\",\"valueRequired\":true,\"valueName\":\"search_term_string\"}}],\"inLanguage\":\"nl-NL\"},{\"@type\":\"Organization\",\"@id\":\"https:\/\/casalanuez.com\/#organization\",\"name\":\"Casa La Nuez\",\"url\":\"https:\/\/casalanuez.com\/\",\"logo\":{\"@type\":\"ImageObject\",\"inLanguage\":\"nl-NL\",\"@id\":\"https:\/\/casalanuez.com\/#\/schema\/logo\/image\/\",\"url\":\"https:\/\/casalanuez.com\/wp-content\/uploads\/2026\/02\/logo-casa-la-nuez-van-chat-gpt.jpg\",\"contentUrl\":\"https:\/\/casalanuez.com\/wp-content\/uploads\/2026\/02\/logo-casa-la-nuez-van-chat-gpt.jpg\",\"width\":1700,\"height\":2200,\"caption\":\"Casa La Nuez\"},\"image\":{\"@id\":\"https:\/\/casalanuez.com\/#\/schema\/logo\/image\/\"},\"sameAs\":[\"https:\/\/www.facebook.com\/casalanuez\/\"]}]}<\/script>\n<!-- \/ Yoast SEO plugin. -->","yoast_head_json":{"title":"\u201d - Bed and Breakfast Andalusi\u00eb Bienvenidos in Andalusi\u00eb","description":"Bienvenidos in Andalusi\u00eb, welkom bij Casa La Nuez. B&B Andalusi\u00eb, B&B met zwembad Andalusi\u00eb, kleinschalige B&B, Bed and Breakfast Andalusi\u00eb","robots":{"index":"index","follow":"follow","max-snippet":"max-snippet:-1","max-image-preview":"max-image-preview:large","max-video-preview":"max-video-preview:-1"},"canonical":"https:\/\/casalanuez.com\/","og_locale":"nl_NL","og_type":"article","og_title":"\u201d - Bed and Breakfast Andalusi\u00eb Bienvenidos in Andalusi\u00eb","og_description":"Bienvenidos in Andalusi\u00eb, welkom bij Casa La Nuez. B&B Andalusi\u00eb, B&B met zwembad Andalusi\u00eb, kleinschalige B&B, Bed and Breakfast Andalusi\u00eb","og_url":"https:\/\/casalanuez.com\/","article_publisher":"https:\/\/www.facebook.com\/casalanuez\/","article_modified_time":"2026-04-11T17:18:55+00:00","og_image":[{"width":1920,"height":2560,"url":"https:\/\/casalanuez.com\/wp-content\/uploads\/2026\/02\/ligbedden-nieuw-16-1-scaled.jpg","type":"image\/jpeg"}],"twitter_card":"summary_large_image","twitter_misc":{"Geschatte leestijd":"1 minuut"},"schema":{"@context":"https:\/\/schema.org","@graph":[{"@type":"WebPage","@id":"https:\/\/casalanuez.com\/","url":"https:\/\/casalanuez.com\/","name":"\u201d - Bed and Breakfast Andalusi\u00eb Bienvenidos in Andalusi\u00eb","isPartOf":{"@id":"https:\/\/casalanuez.com\/#website"},"primaryImageOfPage":{"@id":"https:\/\/casalanuez.com\/#primaryimage"},"image":{"@id":"https:\/\/casalanuez.com\/#primaryimage"},"thumbnailUrl":"https:\/\/casalanuez.com\/wp-content\/uploads\/2026\/02\/ligbedden-nieuw-16-1-scaled.jpg","datePublished":"2025-06-04T21:49:11+00:00","dateModified":"2026-04-11T17:18:55+00:00","description":"Bienvenidos in Andalusi\u00eb, welkom bij Casa La Nuez. B&B Andalusi\u00eb, B&B met zwembad Andalusi\u00eb, kleinschalige B&B, Bed and Breakfast Andalusi\u00eb","breadcrumb":{"@id":"https:\/\/casalanuez.com\/#breadcrumb"},"inLanguage":"nl-NL","potentialAction":[{"@type":"ReadAction","target":["https:\/\/casalanuez.com\/"]}]},{"@type":"ImageObject","inLanguage":"nl-NL","@id":"https:\/\/casalanuez.com\/#primaryimage","url":"https:\/\/casalanuez.com\/wp-content\/uploads\/2026\/02\/ligbedden-nieuw-16-1-scaled.jpg","contentUrl":"https:\/\/casalanuez.com\/wp-content\/uploads\/2026\/02\/ligbedden-nieuw-16-1-scaled.jpg","width":1920,"height":2560},{"@type":"BreadcrumbList","@id":"https:\/\/casalanuez.com\/#breadcrumb","itemListElement":[{"@type":"ListItem","position":1,"name":"Home","item":"https:\/\/casalanuez.com\/"},{"@type":"ListItem","position":2,"name":"Bienvenidos in Andalusi\u00eb, welkom bij Casa La Nuez!"}]},{"@type":"WebSite","@id":"https:\/\/casalanuez.com\/#website","url":"https:\/\/casalanuez.com\/","name":"casalanuez.com","description":"Bed &amp; Breakfast in het hart van Andalusi\u00eb","publisher":{"@id":"https:\/\/casalanuez.com\/#organization"},"potentialAction":[{"@type":"SearchAction","target":{"@type":"EntryPoint","urlTemplate":"https:\/\/casalanuez.com\/?s={search_term_string}"},"query-input":{"@type":"PropertyValueSpecification","valueRequired":true,"valueName":"search_term_string"}}],"inLanguage":"nl-NL"},{"@type":"Organization","@id":"https:\/\/casalanuez.com\/#organization","name":"Casa La Nuez","url":"https:\/\/casalanuez.com\/","logo":{"@type":"ImageObject","inLanguage":"nl-NL","@id":"https:\/\/casalanuez.com\/#\/schema\/logo\/image\/","url":"https:\/\/casalanuez.com\/wp-content\/uploads\/2026\/02\/logo-casa-la-nuez-van-chat-gpt.jpg","contentUrl":"https:\/\/casalanuez.com\/wp-content\/uploads\/2026\/02\/logo-casa-la-nuez-van-chat-gpt.jpg","width":1700,"height":2200,"caption":"Casa La Nuez"},"image":{"@id":"https:\/\/casalanuez.com\/#\/schema\/logo\/image\/"},"sameAs":["https:\/\/www.facebook.com\/casalanuez\/"]}]}},"_links":{"self":[{"href":"https:\/\/casalanuez.com\/index.php\/wp-json\/wp\/v2\/pages\/15718","targetHints":{"allow":["GET"]}}],"collection":[{"href":"https:\/\/casalanuez.com\/index.php\/wp-json\/wp\/v2\/pages"}],"about":[{"href":"https:\/\/casalanuez.com\/index.php\/wp-json\/wp\/v2\/types\/page"}],"author":[{"embeddable":true,"href":"https:\/\/casalanuez.com\/index.php\/wp-json\/wp\/v2\/users\/1"}],"replies":[{"embeddable":true,"href":"https:\/\/casalanuez.com\/index.php\/wp-json\/wp\/v2\/comments?post=15718"}],"version-history":[{"count":63,"href":"https:\/\/casalanuez.com\/index.php\/wp-json\/wp\/v2\/pages\/15718\/revisions"}],"predecessor-version":[{"id":32338,"href":"https:\/\/casalanuez.com\/index.php\/wp-json\/wp\/v2\/pages\/15718\/revisions\/32338"}],"wp:attachment":[{"href":"https:\/\/casalanuez.com\/index.php\/wp-json\/wp\/v2\/media?parent=15718"}],"curies":[{"name":"wp","href":"https:\/\/api.w.org\/{rel}","templated":true}]}}